or of 65 and 40?
5
What is the highest common divisor of 14346 and 36?
18
What is the greatest common factor of 319 and 15109?
29
What is the greatest common divisor of 17 and 3859?
17
What is the highest common factor of 5013 and 9?
9
Calculate the highest common factor of 35 and 2765.
35
Calculate the highest common divisor of 80615 and 115.
115
What is the greatest common divisor of 319 and 464?
29
What is the greatest common divisor of 142 and 4?
2
Calculate the highest common divisor of 266 and 1792.
14
What is the highest common factor of 13 and 95329?
13
Calculate the greatest common factor of 259 and 37.
37
Calculate the greatest common factor of 660 and 3850.
110
What is the highest common divisor of 2107 and 129?
43
What is the greatest common divisor of 20 and 980?
20
What is the greatest common divisor of 6336 and 360?
72
What is the greatest common factor of 60 and 450?
30
Calculate the greatest common divisor of 4635 and 30.
15
Calculate the highest common divisor of 112 and 70.
14
What is the highest common divisor of 74 and 148?
74
What is the greatest common divisor of 26 and 17173?
13
What is the greatest common factor of 420 and 1035?
15
Calculate the greatest common factor of 1330 and 76.
38
Calculate the highest common factor of 21 and 336.
21
Calculate the greatest common factor of 2104 and 40.
8
Calculate the greatest common divisor of 104 and 156.
52
What is the greatest common divisor of 6064 and 32?
16
What is the highest common divisor of 180 and 860?
20
What is the highest common divisor of 52 and 1300?
52
Calculate the highest common divisor of 836 and 304.
76
What is the highest common divisor of 81 and 432?
27
Calculate the highest common factor of 7 and 23.
1
Calculate the highest common factor of 120 and 996.
12
What is the highest common factor of 4050 and 72?
18
What is the greatest common factor of 11 and 2189?
11
What is the greatest common factor of 10 and 4?
2
What is the highest common factor of 4108 and 395?
79
What is the greatest common factor of 35 and 112?
7
What is the greatest common factor of 290 and 50?
10
Calculate the greatest common divisor of 125 and 5125.
125
Calculate the highest common divisor of 2185 and 322.
23
Calculate the highest common factor of 217 and 63.
7
What is the highest common factor of 2 and 196?
2
Calculate the greatest common divisor of 1600 and 100.
100
Calculate the greatest common divisor of 8227 and 38.
19
What is the greatest common divisor of 17920 and 70?
70
What is the highest common divisor of 112 and 980?
28
Calculate the highest common divisor of 26 and 143.
13
What is the greatest common divisor of 85 and 1139?
17
What is the greatest common divisor of 44 and 154?
22
Calculate the greatest common factor of 41 and 1107.
41
What is the highest common factor of 6 and 10002?
6
Calculate the greatest common divisor of 793 and 65.
13
What is the greatest common factor of 15 and 1035?
15
Calculate the greatest common divisor of 478 and 2.
2
Calculate the greatest common divisor of 192 and 16.
16
Calculate the highest common divisor of 4656 and 48.
48
Calculate the greatest common factor of 26 and 10.
2
What is the highest common factor of 21 and 777?
21
What is the greatest common factor of 24 and 234?
6
What is the greatest common factor of 58 and 928?
58
Calculate the greatest common factor of 175 and 19425.
175
Calculate the greatest common factor of 324 and 666.
18
Calculate the highest common divisor of 7 and 28.
7
Calculate the highest common divisor of 144 and 7312.
16
Calculate the highest common factor of 96 and 144.
48
What is the greatest common divisor of 592 and 16?
16
Calculate the highest common factor of 672 and 21.
21
What is the greatest common factor of 190 and 170?
10
What is the greatest common factor of 36 and 5?
1
Calculate the highest common factor of 10 and 4350.
10
Calculate the greatest common factor of 21 and 238.
7
Calculate the highest common divisor of 1395 and 90.
45
Calculate the highest common divisor of 165 and 435.
15
Calculate the greatest common divisor of 210 and 315.
105
Calculate the greatest common divisor of 148 and 814.
74
Calculate the highest common factor of 39 and 6.
3
Calculate the highest common factor of 109 and 3706.
109
Calculate the highest common factor of 24 and 24.
24
What is the greatest common divisor of 671 and 488?
61
Calculate the greatest common factor of 1500 and 36.
12
Calculate the greatest common divisor of 38 and 114.
38
What is the highest common divisor of 60804 and 36?
36
Calculate the greatest common factor of 18 and 576.
18
What is the highest common factor of 27702 and 38?
38
What is the highest common divisor of 114 and 95?
19
Calculate the greatest common factor of 731 and 1003.
17
Calculate the highest common factor of 39 and 3471.
39
What is the greatest common divisor of 1 and 7?
1
Calculate the greatest common factor of 166 and 2.
2
Calculate the greatest common factor of 1337 and 14.
7
What is the greatest common factor of 170 and 731?
17
What is the highest common divisor of 2142 and 170?
34
Calculate the greatest common factor of 455 and 325.
65
Calculate the greatest common divisor of 567 and 7.
7
What is the highest common divisor of 1 and 31?
1
What is the greatest common factor of 12578 and 76?
38
Calculate the highest common factor of 156 and 4420.
52
Calculate the greatest common factor of 170 and 5.
5
What is the greatest common factor of 4389 and 1672?
209
Calculate the highest common factor of 5185 and 30.
5
Calculate the greatest common factor of 153 and 18.
9
Calculate the greatest common factor of 90 and 162.
18
Calculate the highest common divisor of 144 and 13008.
48
What is the greatest common factor of 56 and 1022?
14
Calculate the highest common factor of 38 and 2622.
38
What is the greatest common divisor of 2665 and 65?
65
Calculate the highest common factor of 266 and 854.
14
What is the highest common divisor of 493 and 174?
29
Calculate the highest common divisor of 6530 and 20.
10
Calculate the highest common factor of 1012 and 368.
92
What is the highest common divisor of 76 and 57?
19
What is the highest common divisor of 22 and 3586?
22
What is the greatest common divisor of 360 and 285?
15
What is the highest common factor of 17 and 23936?
17
Calculate the greatest common divisor of 165 and 6985.
55
Calculate the greatest common factor of 288 and 3204.
36
Calculate the greatest common divisor of 665 and 35.
35
What is the greatest common divisor of 70 and 105?
35
What is the greatest common factor of 38 and 1843?
19
Calculate the greatest common factor of 52776 and 72.
72
Calculate the highest common divisor of 172 and 2.
2
What is the greatest common factor of 1460 and 1314?
146
What is the greatest common factor of 60 and 75?
15
What is the greatest common factor of 1152 and 54?
18
What is the greatest common factor of 4 and 64?
4
Calculate the greatest common factor of 160 and 4.
4
What is the highest common factor of 4752 and 363?
33
Calculate the highest common divisor of 5 and 230.
5
What is the highest common factor of 882 and 162?
18
What is the highest common factor of 4669 and 174?
29
Calculate the greatest common divisor of 2538 and 54.
54
Calculate the greatest common factor of 2075 and 25.
25
Calculate the highest common factor of 18 and 423.
9
Calculate the greatest common divisor of 264 and 696.
24
Calculate the greatest common divisor of 75 and 1200.
75
What is the highest common divisor of 5 and 28?
1
Calculate the highest common factor of 171 and 152.
19
What is the greatest common divisor of 924 and 4092?
132
Calculate the highest common divisor of 77 and 224.
7
Calculate the greatest common divisor of 19283 and 22.
11
What is the highest common factor of 38 and 18?
2
Calculate the greatest common factor of 44 and 2.
2
What is the highest common divisor of 236 and 1062?
118
What is the highest common factor of 702 and 104?
26
Calculate the greatest common factor of 20909 and 1015.
203
Calculate the greatest common factor of 39 and 4771.
13
What is the greatest common factor of 554 and 2?
2
What is the highest common divisor of 110 and 374?
22
What is the highest common divisor of 15 and 255?
15
What is the highest common factor of 17 